ltiple of 23?
True
Is 14 a factor of 818?
False
Does 215 divide 154421?
False
Is 5848 a multiple of 86?
True
Does 39 divide 546?
True
Does 206 divide 1511?
False
Is 811 a multiple of 10?
False
Does 21 divide 93750?
False
Does 25 divide 4003?
False
Does 63 divide 61173?
True
Does 44 divide 796?
False
Does 10 divide 204?
False
Does 5 divide 1031?
False
Is 3108 a multiple of 37?
True
Does 97 divide 9829?
False
Does 9 divide 69769?
False
Is 9698 a multiple of 13?
True
Is 8565 a multiple of 33?
False
Does 38 divide 2012?
False
Is 28788 a multiple of 12?
True
Is 193 a factor of 5983?
True
Does 201 divide 21656?
False
Is 25 a factor of 5810?
False
Is 8 a factor of 58730?
False
Is 15596 a multiple of 28?
True
Is 5 a factor of 295?
True
Is 77 a factor of 154?
True
Is 1133 a multiple of 16?
False
Is 1280 a multiple of 131?
False
Is 10 a factor of 2906?
False
Is 25036 a multiple of 44?
True
Is 6020 a multiple of 140?
True
Does 14 divide 6930?
True
Is 636 a multiple of 53?
True
Is 54635 a multiple of 32?
False
Is 2532 a multiple of 8?
False
Is 10 a factor of 2483?
False
Does 102 divide 5403?
False
Is 341 a multiple of 6?
False
Is 14 a factor of 98?
True
Does 15 divide 405?
True
Is 324 a multiple of 12?
True
Does 12 divide 2664?
True
Is 18696 a multiple of 114?
True
Is 854 a multiple of 14?
True
Is 4 a factor of 764?
True
Is 371 a multiple of 6?
False
Is 65 a factor of 1233?
False
Is 8 a factor of 10168?
True
Is 1538 a multiple of 21?
False
Is 21 a factor of 504?
True
Is 2250 a multiple of 50?
True
Does 10 divide 18035?
False
Does 21 divide 273?
True
Does 27 divide 4559?
False
Does 21 divide 3414?
False
Does 14 divide 9674?
True
Does 13 divide 507?
True
Does 16 divide 18160?
True
Is 13936 a multiple of 104?
True
Is 20 a factor of 240?
True
Is 10 a factor of 32030?
True
Is 63 a factor of 3659?
False
Is 30 a factor of 6840?
True
Is 16 a factor of 576?
True
Does 25 divide 397?
False
Is 240 a multiple of 143?
False
Does 5 divide 9840?
True
Is 53 a factor of 21758?
False
Is 1440 a multiple of 11?
False
Is 714 a multiple of 51?
True
Is 3190 even?
True
Is 196 a multiple of 16?
False
Is 22 a factor of 7175?
False
Is 21399 a multiple of 7?
True
Is 30 a factor of 356?
False
Is 106 a factor of 2226?
True
Does 43 divide 6065?
False
Does 15 divide 105?
True
Does 49 divide 29155?
True
Does 58 divide 6276?
False
Does 17 divide 1105?
True
Does 18 divide 31433?
False
Is 3298 a multiple of 14?
False
Is 1936 a multiple of 88?
True
Is 13 a factor of 32214?
True
Does 27 divide 216?
True
Is 46 a factor of 112424?
True
Is 25 a factor of 21025?
True
Does 24 divide 23712?
True
Does 6 divide 282?
True
Is 20 a factor of 24553?
False
Is 404 a multiple of 73?
False
Is 14725 a multiple of 25?
True
Is 3059 a multiple of 22?
False
Does 19 divide 31977?
True
Is 17 a factor of 518?
False
Does 42 divide 16260?
False
Does 12 divide 216?
True
Is 726 a multiple of 17?
False
Is 6094 a multiple of 41?
False
Is 109 a factor of 46445?
False
Does 34 divide 25685?
False
Is 298 a multiple of 11?
False
Does 37 divide 777?
True
Does 23 divide 460?
True
Does 121 divide 3267?
True
Is 16 a factor of 28302?
False
Is 17 a factor of 284?
False
Is 19596 a multiple of 28?
False
Is 113680 a multiple of 7?
True
Is 11 a factor of 990?
True
Is 12 a factor of 115847?
False
Does 15 divide 912?
False
Is 15541 a multiple of 24?
False
Is 4 a factor of 24?
True
Does 20 divide 580?
True
Does 10 divide 338?
False
Is 1586 a multiple of 6?
False
Is 30576 a multiple of 16?
True
Is 13 a factor of 85241?
True
Does 107 divide 3034?
False
Is 122 a factor of 19706?
False
Is 7 a factor of 253?
False
Is 10 a factor of 610?
True
Does 8 divide 104444?
False
Is 5 a factor of 6874?
False
Is 14 a factor of 628?
False
Is 21 a factor of 26670?
True
Is 3068 a multiple of 18?
False
Is 74316 a multiple of 13?
False
Does 102 divide 2178?
False
Is 507 even?
False
Does 13 divide 494?
True
Is 12 a factor of 3072?
True
Does 74 divide 2053?
False
Does 4 divide 147?
False
Is 12 a factor of 703?
False
Is 50 a factor of 1240?
False
Is 737 a multiple of 16?
False
Is 9 a factor of 211?
False
Is 22 a factor of 418?
True
Is 4950 a multiple of 11?
True
Does 15 divide 18330?
True
Is 2098 a multiple of 54?
False
Is 19 a factor of 1425?
True
Does 10 divide 340?
True
Is 9 a factor of 2346?
False
Is 39239 a multiple of 25?
False
Is 4288 a multiple of 19?
False
Does 6 divide 174?
True
Is 27 a multiple of 8?
False
Is 4 a factor of 62?
False
Is 7 a factor of 90?
False
Is 8 a factor of 155?
False
Is 58 a factor of 15047?
False
Is 13 a factor of 2580?
False
Does 13 divide 273?
True
Does 124 divide 868?
True
Is 43 a factor of 1981?
False
Does 62 divide 1054?
True
Does 8 divide 331?
False
Is 22 a factor of 833?
False
Is 35680 a multiple of 20?
True
Is 10 a factor of 3110?
True
Is 2893 a multiple of 11?
True
Is 1506 a multiple of 4?
False
Is 889 a multiple of 111?
False
Is 16 a factor of 1392?
True
Is 1298 a multiple of 9?
False
Is 5863 a multiple of 2?
False
Does 50 divide 26378?
False
Does 59 divide 6043?
False
Is 13184 a multiple of 174?
False
Does 7 divide 261?
False
Is 920 a multiple of 46?
True
Is 39 a factor of 20865?
True
Does 12 divide 122064?
True
Does 124 divide 15141?
False
Does 6 divide 19467?
False
Is 54 a factor of 378?
True
Does 10 divide 4515?
False
Is 25 a factor of 48004?
False
Does 46 divide 20378?
True
Does 7 divide 575?
False
Is 36768 a multiple of 24?
True
Is 116 a multiple of 44?
False
Does 18 divide 4626?
True
Is 359 a multiple of 68?
False
Does 84 divide 840?
True
Does 65 divide 2925?
True
Is 5290 a multiple of 18?
False
Is 448 a multiple of 16?
True
Is 3726 a multiple of 23?
True
Is 2863 a multiple of 3?
False
Does 23 divide 118596?
False
Is 25 a factor of 1525?
True
Is 93 a factor of 73806?
False
Does 32 divide 16736?
True
Is 66946 a multiple of 358?
True
Is 76 a factor of 6308?
True
Is 2880 a multiple of 80?
True
Does 3 divide 58?
False
Is 1419 a multiple of 55?
False
Does 30 divide 2350?
False
Does 28 divide 56?
True
Is 4 a factor of 344?
True
Is 713 a multiple of 86?
False
Is 2310 a multiple of 22?
True
Is 554 a multiple of 10?
False
Does 18 divide 4392?
True
Is 49 a factor of 1369?
False
Is 1276 a multiple of 11?
True
Is 277 a multiple of 19?
False
Does 17 divide 4471?
True
Is 69463 a multiple of 267?
False
Does 9 divide 66471?
False
Is 59 a factor of 51430?
False
Is 57 a multiple of 19?
True
Is 1090 a multiple of 9?
False
Is 155 a multiple of 4?
False
Does 53 divide 4060?
False
Is 34320 a multiple of 10?
True
Does 20 divide 180?
True
Does 21 divide 53508?
True
Does 151 divide 35787?
True
Is 3304 a multiple of 40?
False
Does 147 divide 3396?
False
Is 2397 a multiple of 53?
False
Does 4 divide 692?
True
Does 118 divide 708?
True
Is 19 a factor of 1301?
False
Does 40 divide 9000?
True
Does 13 divide 2106?
True
Does 36 divide 1548?
True
Does 12 divide 21708?
True
Does 3 divide 1178?
False
Does 55 divide 6412?
False
Is 72 a factor of 216?
True
Is 133 even?
False
Does 4 divide 4658?
False
Is 35 a factor of 101850?
True
Is 134 a factor of 7757?
False
Does 4 divide 95?
False
Is 1406 a multiple of 10?
False
Does 19 divide 356?
False
Does 316 divide 59092?
True
Is 170496 a multiple of 18?
True
Does 33 divide 1029?
False
Is 9 a factor of 1116?
True
Is 4929 a multiple of 31?
True
Is 6 a factor of 846?
True
Is 89 a factor of 10413?
True
Does 9 divide 59077?
False
Is 15 a factor of 795?
True
Does 90 divide 9554?
False
Is 538 a multiple of 51?
False
Is 2 a factor of 171?
False
Is 18 a factor of 2559?
False
Does 9 divide 1134?
True
Is 5915 a multiple of 91?
True
Does 25 divide 2525?
True
Does 16 divide 597?
False
Does 6 divide 3131?
False
Is 8 a factor of 411?
False
Does 14 divide 22596?
True
Is 6498 a multiple of 38?
True
Does 124 divide 1984?
True
Is 30 a factor of 1350?
True
Is 14 a factor of 56?
True
Is 10 a factor of 31998?
False
Is 5774 a multiple of 44?
False
Is 38 a factor of 29625?
False
Does 284 divide 22707?
False
Is 6 a factor of 71?
False
Does 9 divide 1245?
False
Does 11 divide 891?
True
Is 4304 a multiple of 8?
True
Is 14 a factor of 126?
True
Does 25 divide 23025?
True
Is 2211 a multiple of 33?
True
Is 3360 a multiple of 32?
True
Is 1152 a multiple of 18?
True
Is 119 a factor of 5712?
True
Is 15311 a multiple of 16?
False
Is 1177 